o. Is y prime?
False
Is (109 - 0)*-295*(-11)/55 a composite number?
True
Suppose 2*c - 3*z = 6*c - 189143, -236443 = -5*c + z. Let j = c + -33507. Is j a composite number?
False
Let a(m) = -m**3 - 4*m**2 - 2*m - 5. Let q be a(-4). Let f be 19/4 + q/12. Suppose 4*p - 15707 = -4*b - b, 2*p - 15711 = -f*b. Is b composite?
True
Let n = -917946 + 1288817. Is n a prime number?
True
Let l(d) = 16*d**2 - 21*d. Let f be l(-25). Suppose -22*s = -f - 91137. Is s composite?
False
Let d(h) = -h**3 - 6*h**2 - h + 39190. Let v be d(0). Suppose 5*k - 2*u - 39199 = 0, -k + v = 4*k - 5*u. Is k a prime number?
True
Suppose -8*k + 140150 = 2*k. Suppose 0 = -4*s - 5*t + k - 783, 0 = -3*s + 4*t + 9955. Is s composite?
False
Let r(u) = 52*u**2 - 4*u - 31. Let c be (-46)/(-6) + 8/(-12). Is r(c) composite?
True
Let x(k) = 20*k**2 - 142*k - 469. Is x(51) a prime number?
False
Suppose 0 = -x + 9*x - 16. Suppose x*l = t - 2*t + 11682, -5*l + 3*t + 29183 = 0. Is l a composite number?
False
Suppose 3*s - 6 = 3*n + 3, -5*s + 5 = 5*n. Suppose -s*z + 2490 = -4988. Is z prime?
True
Suppose -p - 10761 = -k - 3*p, -4*p - 10791 = -k. Let b = 15098 - k. Is b prime?
True
Let x(j) = -2*j - 6. Let o be x(-4). Let m be (o/2 - 20)/((-4)/8). Is m/4 - 2/(-4) a prime number?
False
Let a(t) = 382*t**2 - 163*t + 65. Is a(-22) a prime number?
False
Suppose u = 3*z - 152972, -3*z + 71*u - 74*u = -152952. Is z a composite number?
False
Suppose 8 = -4*s + 24. Suppose -204 = -2*y + 5*l - 807, 3*l = -s*y - 1271. Let g = 483 - y. Is g a prime number?
True
Let h = 38 - 33. Let b be -1 + 1 + -1 + h. Suppose -4*a + b*d = -308, d = 3*a - 164 - 71. Is a composite?
False
Suppose -533*f + 526*f + 60084 = -30503. Is f composite?
False
Let o(x) = 707*x + 167. Let i(u) = 706*u + 163. Let p(h) = -3*i(h) + 4*o(h). Is p(10) composite?
True
Suppose -32*d = -37*d + 18320. Suppose 5*a = 9831 + d. Is a composite?
False
Suppose 18256 - 3640 = 12*f. Let d be 3/((-3)/f*3). Let q = d + 707. Is q a composite number?
True
Suppose 39 - 34 = 5*c. Suppose -a - 5*p = 1, 2*a - 5*p + c = a. Is a/(2 + 1558/(-778)) prime?
True
Let d = -338 - -358. Suppose 13290 = -d*t + 26*t. Is t a composite number?
True
Suppose -23571 = 19*v + 45779. Let u = 5127 + v. Is u composite?
True
Suppose 4*b + 3*y = 469879 + 201716, -b = -4*y - 167913. Is b a prime number?
False
Is (-233678)/((-14)/10 - (-60)/(-100)) a composite number?
True
Let u be (-3 - 513/(-39)) + 2/(-13). Suppose q + q + o - 9 = 0, 2*o - u = -2*q. Suppose 5*m + 4*p - 1631 = 2*p, -1316 = -q*m + 4*p. Is m a composite number?
True
Let h(s) = -5*s**3 - 62*s**2 - 126*s - 71. Let m(a) = -3*a**3 - 41*a**2 - 84*a - 47. Let l(c) = -5*h(c) + 8*m(c). Suppose 0 = 5*g - 110 - 0. Is l(g) composite?
False
Let j = -5461 - -9772. Let d = j + 1690. Is d prime?
False
Suppose -4*c + 9837 = -s, 7*c - 6*c - 2464 = 5*s. Suppose 49916 - c = 9*y. Is y composite?
False
Let c = 383 + -508. Is (-600723)/(-25) - 10/c a composite number?
False
Let m(p) = -4*p - 43. Let h be m(-12). Suppose -h*q + 7 = -4*s, -7 + 1 = -3*q + 3*s. Is ((-15084)/24)/(q/2) prime?
False
Suppose 24*p - 27456242 = -2*p - 1649968. Is p a composite number?
False
Let t be (38/(-5))/(154/(-140) - -1). Suppose -33555 = -79*w + t*w. Is w a prime number?
False
Let p(a) = 5*a + 22. Let b be p(5). Let f = b + -63. Is 1921/4 + (-76)/f + -4 a composite number?
True
Suppose -2*n + 4*f + 22 = -n, 3*f = 0. Suppose 13 = 7*w - n. Suppose -w*p - 1036 = -4791. Is p prime?
True
Suppose -96*x + 91*x = 15555. Let p = x + 6480. Is p prime?
False
Let b be 41/(-410) - 10681/(-10). Let v = 16101 - b. Is v a prime number?
False
Let v(y) = 152*y**2 + 28*y - 49. Is v(11) prime?
False
Suppose -5*z - 1100749 = -2*b, -1157*b + z + 1651104 = -1154*b. Is b composite?
True
Let u be (-9)/7*84/(-36). Suppose 3*z + p = 6704, -5*p = 3*z - u*p - 6706. Is z prime?
False
Let w = 198 - 194. Suppose -12773 = -k - w*o, -3*k + 63811 = 2*k + 2*o. Is k a prime number?
False
Let r(m) = 329*m - 206. Let v(f) = 659*f - 415. Let s(u) = 7*r(u) - 3*v(u). Is s(6) prime?
True
Let l be 3744/45*(-15)/(-2). Is (l/(-9) + -7)*-21 a prime number?
False
Suppose 5*k + 3*i - 335 = -2*i, 3*i - 12 = 0. Is k/14*236/6 prime?
False
Let x = -12629 + 6761. Let j = 12971 + x. Is j composite?
False
Suppose 4*r - 2*r - 6 = 0. Let y(i) = -10*i**2 - 12*i**r - 8 - 2*i + 13*i**3 + 8*i. Is y(11) composite?
False
Let h(s) = -s**3 + 7*s**2 - 7*s + 9. Let x be h(6). Is (x + -1)/(-7*(-4)/118174) a prime number?
False
Suppose 3*a - 4*a = 5*x - 97848, -5*a + 97820 = 5*x. Is x prime?
True
Suppose 4*q - x - 2449 = 0, 4*q + 290 = 4*x + 2742. Let f = q - -55. Is f prime?
False
Let w = -33283 - -60394. Suppose -41*l + w = -20*l. Is l composite?
False
Suppose -16056 = 12*k - 119628. Suppose g - k = 10*g. Let n = g + 1366. Is n a prime number?
False
Let r(x) = 8180*x**2 - 94*x + 9. Is r(4) prime?
True
Let h be (-32)/(-4) + -3 + -1 - 54. Is h/(-425) + 33486/34 composite?
True
Suppose x + 14 = 3*x. Let b(i) = i**3 - 8*i**2 + 7*i + 2. Let w be b(x). Suppose -n - w*r = -873, -6*n + 2*n - r + 3478 = 0. Is n composite?
True
Let w = -10909 + 24820. Is w prime?
False
Suppose -16 = -7*h + 19. Suppose 34 = -h*t + 4. Is (48/32)/(t/(-2956)) composite?
False
Suppose -2*c = -5*l - 3529, -255*c + 256*c - 1757 = 4*l. Is c composite?
False
Let x = 264145 + -53076. Is x composite?
True
Suppose -2*l + 8 = 3*z, 4*l = 4*z - 5*z + 6. Suppose 22*r - 17*r = z*k + 44105, 17633 = 2*r + k. Is r a prime number?
True
Let o = -2565 - -6076. Let p = -1462 + o. Is p prime?
False
Suppose -4*m + f = -22, 0 = -0*m - m - 5*f - 5. Let j be m - (1 - -1*(-3 - 0)). Suppose -4*i - j + 383 = 0. Is i a prime number?
False
Let y(s) = 5355*s - 37. Is y(6) a prime number?
False
Is 1*337863 - (227 + -235) a prime number?
True
Let c(u) = 4. Let b(n) = 1237*n + 23. Let x(j) = -b(j) + c(j). Is x(-6) prime?
False
Let v be (-2 - (-15)/10)*0. Let d(r) = -4*r - 1367. Let p be d(v). Let y = -976 - p. Is y prime?
False
Let t(r) = 176*r**2 - 4*r + 97. Suppose 0 = -5*b + c + 19 + 26, b + 2*c = 9. Is t(b) a composite number?
True
Is 9/(-21) + 17258238/189 prime?
False
Suppose 4*t = -x + 7831 - 2537, t = -3*x + 1329. Suppose -3*c = t - 8853. Suppose -w + c = -429. Is w prime?
True
Let v = 96 + -60. Suppose 10*q - v = 9*q. Is 2/(-6) - (-75576)/q prime?
True
Suppose s + 8070 = 3*s + 4*y, 4*s - 4*y = 16140. Let f be (0 + 8/20)/(8 + (-5748)/720). Is 6/f - (-4)/(16/s) a composite number?
False
Let k(t) = -166*t**2 - 35*t + 35*t + 3. Let w be k(-4). Is 3 - (2 + -3) - w composite?
False
Suppose 44*h + 2898360 = 54*h. Suppose 22*z + 14*z = h. Is z a prime number?
False
Suppose -1005*w = -940*w - 23545145. Is w composite?
False
Let l(t) = t**2 - 95. Let p be l(10). Let o = p + 902. Is o a composite number?
False
Let g = -9413 - -25042. Is g prime?
True
Let w = 52243 - -13444. Is w prime?
True
Let b be -1*5*-2*-1. Let z(w) = w**3 + 11*w**2 + 12*w - 22. Let p be z(b). Let o = p + 125. Is o a composite number?
False
Suppose 17992 = 4*f + 4*m, 0 = 6*f - 2*f - 5*m - 17956. Let r be 2441*(103/6 - 17 - (-5)/6). Let q = f - r. Is q prime?
True
Let y(j) be the third derivative of j**6/120 + j**5/30 + 397*j**3/6 - j**2. Let i be (-6 - (3 - 184/20))*0. Is y(i) a composite number?
False
Let z = 67673 + -29055. Is z composite?
True
Suppose 2*t = 5*g - t - 54, -51 = -5*g + 2*t. Suppose 0 = g*x - 74404 + 2206. Is (1/(-2))/((-7)/x) a prime number?
False
Suppose -90*a + 2*i = -93*a + 157351, 3*a = 4*i + 157321. Is a a prime number?
False
Let k(b) = 3*b**3 + 11*b**2 + 44*b - 26. Let q be k(26). Let v = -34748 + q. Is v composite?
True
Suppose -47*y + 42*y = 30. Let q(g) = 25*g**2 + 19*g + 3. Is q(y) composite?
True
Let g(w) = 73*w**3 - 34*w**2 + 44*w + 12. Let h(a) = 24*a**3 - 11*a**2 + 15*a + 4. Let z(k) = -2*g(k) + 7*h(k). Is z(6) composite?
True
Suppose 0 = 3716*n - 3708*n - 362936. Is n a prime number?
False
Is ((-10)/(-4)*36/45)/((-6)/(-1076655)) a prime number?
False
Let a(n) = -7*n**2 - 13*n - 8. Let r be a(-12). Let i = 2913 + r. Is i composite?
False
Let u(c) = 7*c**3 + c**2 - c + 1. Let p be u(1). Let v be -252 - 5/(20/p). Is v*2*3/(-12) a composite number?
False
Suppose 0 = 9*d - 4*d + c - 174866, 4*d = 4*c + 139888. Is d a composite number?
True
Let s be (14 - 10) + (-5)/((-10)/828). Suppose 